 a prime number?
False
Is 5601923207 a composite number?
True
Is 22962482993 a composite number?
True
Is 1069403537 a prime number?
True
Is 408815518 a prime number?
False
Is 9607104989 composite?
True
Is 5645659843 a composite number?
True
Is 2846320031 a composite number?
True
Is 25512983 prime?
False
Is 20255973 a prime number?
False
Is 4860695093 a composite number?
True
Is 2489064839 prime?
False
Is 64361867887 prime?
True
Is 69908435569 prime?
False
Is 11532764147 prime?
False
Is 16251669097 composite?
False
Is 2812190681 a composite number?
True
Is 164400688301 prime?
True
Is 214492412657 a composite number?
False
Is 7910324869 a prime number?
True
Is 134907853 prime?
True
Is 60091398013 a prime number?
False
Is 83177504687 a prime number?
True
Is 54368530823 a composite number?
False
Is 7899362761 a prime number?
True
Is 11792317219 a composite number?
True
Is 5232022087 a composite number?
True
Is 28070774981 a prime number?
True
Is 2345518958 composite?
True
Is 18734452889 a prime number?
True
Is 139742173783 a composite number?
False
Is 358213397 a composite number?
True
Is 116873191 composite?
True
Is 210729857947 composite?
True
Is 153742161113 a composite number?
False
Is 6907547941 a composite number?
True
Is 483560563 a composite number?
True
Is 263683393 prime?
True
Is 9843993265 composite?
True
Is 24055315913 a composite number?
True
Is 320480353 a prime number?
False
Is 498552259 composite?
True
Is 7905745067 a prime number?
False
Is 30227954131 composite?
False
Is 298547401 a composite number?
False
Is 29340095633 prime?
True
Is 3569822957 composite?
True
Is 17054155843 composite?
True
Is 4219543157 prime?
False
Is 396751721 composite?
False
Is 328046237 composite?
False
Is 7285223389 a prime number?
False
Is 103380467 a prime number?
False
Is 418557389 a composite number?
False
Is 2443549379 composite?
True
Is 2299482127 composite?
False
Is 105854071 prime?
True
Is 542463869 composite?
False
Is 9049761911 a prime number?
True
Is 1041732973 composite?
True
Is 14402337281 prime?
False
Is 229298048521 prime?
False
Is 87423360881 a composite number?
False
Is 11759239379 a composite number?
True
Is 1036930831 composite?
True
Is 49219197431 prime?
False
Is 955787981 composite?
False
Is 1225964123 composite?
True
Is 47167095949 prime?
False
Is 70584440441 composite?
False
Is 579908765 a prime number?
False
Is 8810418943 a composite number?
True
Is 72734927131 prime?
True
Is 672560527 prime?
True
Is 273203863 a composite number?
False
Is 8644772377 prime?
True
Is 22694479 prime?
True
Is 843514303 a composite number?
False
Is 1334756671 a composite number?
True
Is 243435756617 a prime number?
False
Is 279669157 a prime number?
True
Is 13735398893 composite?
False
Is 14355203483 composite?
False
Is 5054857805 composite?
True
Is 408420061 prime?
False
Is 18307140581 composite?
False
Is 23081854219 prime?
True
Is 8590432591 a prime number?
False
Is 150116465 a prime number?
False
Is 3941749858 composite?
True
Is 4368739919 a composite number?
False
Is 2146651193 a composite number?
False
Is 26715065737 composite?
False
Is 3701598323 a prime number?
True
Is 95536381 composite?
False
Is 11695915457 a prime number?
True
Is 459577571 a prime number?
True
Is 5622208759 a composite number?
True
Is 20562748363 a composite number?
True
Is 2371953547 a composite number?
True
Is 1674544747 composite?
False
Is 884745287 prime?
True
Is 421993366 a composite number?
True
Is 3250723279 a composite number?
True
Is 109546651 composite?
True
Is 12374860717 composite?
False
Is 4288458821 prime?
False
Is 280696343 prime?
True
Is 8875345331 prime?
True
Is 2916372989 composite?
False
Is 3596125577 a prime number?
False
Is 2283447163 a composite number?
False
Is 10438546871 a prime number?
True
Is 7094862017 a composite number?
True
Is 462809221 a composite number?
True
Is 31423033 composite?
False
Is 28346076119 a prime number?
False
Is 31378993 composite?
True
Is 5563544429 a prime number?
True
Is 337487659 prime?
False
Is 5069158723 prime?
True
Is 45697379779 a composite number?
False
Is 6832479923 a prime number?
False
Is 4967170963 a composite number?
False
Is 9342944953 prime?
True
Is 13535004601 a prime number?
True
Is 94011582631 a composite number?
True
Is 25217394469 prime?
False
Is 27102504697 prime?
True
Is 1490223871 a prime number?
False
Is 87634784255 a composite number?
True
Is 6713297779 composite?
True
Is 30254941247 a composite number?
True
Is 73401989909 composite?
True
Is 1610379361 a prime number?
False
Is 18063194329 a prime number?
False
Is 66971977079 a prime number?
False
Is 1619448197 composite?
False
Is 9749618341 prime?
True
Is 3907829057 composite?
True
Is 5147900851 a composite number?
False
Is 402697163 composite?
True
Is 9496094813 a composite number?
False
Is 1209508579 a prime number?
True
Is 76375228189 a composite number?
True
Is 50027371883 composite?
True
Is 4168631777 a prime number?
False
Is 52195060453 a prime number?
False
Is 25396643 composite?
True
Is 303623189 prime?
True
Is 1800919319 prime?
True
Is 4145008579 a composite number?
True
Is 8484047351 prime?
False
Is 3420506827 prime?
False
Is 57816453589 a prime number?
True
Is 94986247607 composite?
False
Is 580583981 a prime number?
True
Is 245856851 a composite number?
True
Is 368740683349 a prime number?
False
Is 363640049 a composite number?
True
Is 206366625749 a composite number?
False
Is 112236908107 a prime number?
False
Is 5109442441 a prime number?
True
Is 10847607283 a composite number?
False
Is 41896969 a composite number?
False
Is 752697571 composite?
False
Is 58318577 composite?
True
Is 1754788047 a composite number?
True
Is 12573717139 composite?
False
Is 2469545789 a prime number?
True
Is 26104075441 prime?
True
Is 7428176803 prime?
True
Is 11356777 a composite number?
True
Is 1550507340347 composite?
True
Is 3952249838 composite?
True
Is 19574520859 a prime number?
True
Is 86549509 composite?
False
Is 40765344287 prime?
True
Is 2033710535 a composite number?
True
Is 4850356507 a prime number?
False
Is 1078413565 a prime number?
False
Is 6443421757 a prime number?
False
Is 2777559881 a composite number?
True
Is 4736197511 composite?
False
Is 4735049941 a prime number?
True
Is 12356983739 prime?
False
Is 951384383 prime?
True
Is 899163217 a prime number?
False
Is 1147538047 a prime number?
True
Is 8042692549 composite?
True
Is 573725563 prime?
True
Is 693954697 composite?
True
Is 597929041 prime?
True
Is 41162646667 a prime number?
True
Is 15659634073 composite?
True
Is 5844457799 a composite number?
True
Is 14575192207 composite?
True
Is 10862103333 composite?
True
Is 6535624177 composite?
True
Is 966057851 composite?
True
Is 7033188467 composite?
True
Is 15112771547 a composite number?
False
Is 33687205631 a composite number?
False
Is 10806678979 a prime number?
True
Is 207275085943 composite?
False
Is 1047134381 a prime number?
True
Is 762668194 prime?
False
Is 8980202447 composite?
True
Is 29832325253 a prime number?
True
Is 2536314559 prime?
True
Is 280828085453 a prime number?
True
Is 1470410611 a composite number?
False
Is 264338487561 a composite number?
True
Is 4033551533 a composite number?
True
Is 2098540909 composite?
True
Is 460906573 composite?
True
Is 20737333823 a prime number?
False
Is 14223935647 prime?
True
Is 1105099033 prime?
False
Is 34238830543 composite?
False
Is 2705429819 a composite number?
True
Is 817740863 prime?
True
Is 25976369 prime?
False
Is 47842883 a prime number?
False
Is 740469931 composite?
False
Is 1082395393 prime?
False
Is 718390331 prime?
False
Is 986652263 a prime number?
True
Is 2392051217 a prime number?
False
Is 2754561091 composite?
True
Is 7885883701 a prime number?
False
Is 76121701 prime?
True
Is 7990768901 a composite number?
False
Is 46028854153 prime?
True
Is 11421174199 a composite number?
False
Is 1774836533 prime?
False
Is 7357349 composite?
True
Is 12309412453 prime?
False
Is 23914874693 a prime number?
False
Is 378039297 a prime number?
False
Is 932681161 composite?
True
Is 9793940287 prime?
True
Is 18457722827 prime?
True
Is 111569921 a composite number?
False
Is 9883480127 composite?
False
Is 950727227 composite?
True
Is 228409921 a composite number?
False
Is 31864653113 a composite